{"id":3889,"date":"2012-08-29T11:34:00","date_gmt":"2012-08-29T11:34:00","guid":{"rendered":"http:\/\/themes.devatic.com\/daisho\/?page_id=3889"},"modified":"2015-08-19T08:49:53","modified_gmt":"2015-08-19T08:49:53","slug":"intro","status":"publish","type":"page","link":"https:\/\/www.guillemhortoneda.cat\/?page_id=3889","title":{"rendered":"Presentaci\u00f3"},"content":{"rendered":"<div style=\"font-size: 125%;\">\n<div class=\"grid_1\"><\/div>\n<div class=\"grid_10\">\n<h2>Guillem Hortoneda i Pujals<\/h2>\n<h5>Barcelona 1980-Vilanova de Mei\u00e0 2012<\/h5>\n<\/div>\n<div class=\"grid_1 last\"><\/div>\n<\/div>\n<div style=\"font-size: 112.5%;\">\n<div class=\"grid_1\"><\/div>\n<div class=\"grid_5\">\n<p>El Guillem va morir als 32 anys, molt aviat, massa aviat per als que vam tenir la sort de con\u00e8ixer-lo i la pena de perdre\u2019l. Per\u00f2 va ser feli\u00e7 fent la feina que m\u00e9s li agradava, i la feia b\u00e9: dissenyar.<\/p>\n<p>L\u2019Ignasi Bonjoch, professor seu a l\u2019Escola Elisava, on es va graduar en Disseny d\u2019Interiors, va dir en ocasi\u00f3 de la seva mort: <em>\u201cLa mort d\u2019un amic. Mal mat\u00ed aquest dilluns de la Merc\u00e8. De bon mat\u00ed una trucada m\u2019ha donat la pitjor not\u00edcia: en Guillem Hortoneda, l\u2019Horto, ha mort en accident de tr\u00e0nsit. Alumne meu d\u2019Elisava, va fer un dels Projectes Fi de Carrera m\u00e9s brillants, i va comen\u00e7ar a treballar al nostre despatx. Projectes, viatges, hotels, visites d\u2019obra, incl\u00fas amb un cop de cotxe vam anar a Val\u00e8ncia a visitar una exposici\u00f3 d\u2019en Pawson. <strong>Era passi\u00f3 pel disseny<\/strong>.<\/em><\/p>\n<p><em>Al cap d\u2019uns anys va marxar del despatx, -vull veure m\u00f3n deia-. I tamb\u00e9 va anar a treballar a Troyes (Fran\u00e7a) amb uns arquitectes que van saber veure el seu talent. I un cop de tornada, va ser emprenedor i va muntar el propi estudi. Encara em trucava per demanar-me industrials i prove\u00efdors.<\/em><\/p>\n<\/div>\n<div class=\"grid_5\">\n<p><em>Per\u00f2 el m\u00e9s destacat no era el seu perfil professional, era el perfil hum\u00e0: all\u00e0 on hi havia l\u2019Horto era festa, sempre xerrava i tenia coses per explicar. De les persones que quan no hi s\u00f3n es nota molt. Era aix\u00ed a la classe, al despatx i de festa. I no us podeu imaginar com estimava els amics. Qualsevol cosa que feia cobrava import\u00e0ncia per a ell quan la podia compartir amb els amics. <\/em><em>Aquell revolt de carretera se l\u2019ha endut, per\u00f2 jo el veig com si fos ara. En Guillem es feia estimar.\u201d<\/em><\/p>\n<p>Volem tenir present les seves empremtes, all\u00f2 que ens va regalar mentre va viure i que han deixat senyal en el present i per al futur. Per aix\u00f2 hem preparat aquest web, amb molts dels seus dissenys, realitzats com a assalariat, o associat, o per si sol, per fer evident <strong>la seva passi\u00f3<\/strong> i que tots la poguem compartir i disfrutar.<\/p>\n<p><a href=\"http:\/\/www.guillemhortoneda.cat\/wp-content\/uploads\/2015\/08\/guillem.jpg\"><img decoding=\"async\" loading=\"lazy\" class=\"alignnone size-medium wp-image-5113\" src=\"http:\/\/www.guillemhortoneda.cat\/wp-content\/uploads\/2015\/08\/guillem-218x300.jpg\" alt=\"guillem\" width=\"218\" height=\"300\" srcset=\"https:\/\/www.guillemhortoneda.cat\/wp-content\/uploads\/2015\/08\/guillem-218x300.jpg 218w, https:\/\/www.guillemhortoneda.cat\/wp-content\/uploads\/2015\/08\/guillem.jpg 600w\" sizes=\"(max-width: 218px) 100vw, 218px\" \/><\/a><\/p>\n<\/div>\n<div class=\"grid_1 last\"><\/div>\n<\/div>\n","protected":false},"excerpt":{"rendered":"<p>Guillem Hortoneda i Pujals Barcelona 1980-Vilanova de Mei\u00e0 2012 El Guillem va morir als 32 anys, molt aviat, massa aviat per als que vam tenir la sort de con\u00e8ixer-lo i la pena de perdre\u2019l. Per\u00f2 va ser feli\u00e7 fent la feina que m\u00e9s li agradava, i la feia b\u00e9: dissenyar. L\u2019Ignasi Bonjoch, professor seu a l\u2019Escola Elisava, on es va graduar en Disseny d\u2019Interiors, va dir en ocasi\u00f3 de la seva mort: \u201cLa mort d\u2019un amic. Mal mat\u00ed aquest dilluns&#8230;<\/p>\n","protected":false},"author":1,"featured_media":0,"parent":0,"menu_order":0,"comment_status":"closed","ping_status":"closed","template":"","meta":[],"_links":{"self":[{"href":"https:\/\/www.guillemhortoneda.cat\/index.php?rest_route=\/wp\/v2\/pages\/3889"}],"collection":[{"href":"https:\/\/www.guillemhortoneda.cat\/index.php?rest_route=\/wp\/v2\/pages"}],"about":[{"href":"https:\/\/www.guillemhortoneda.cat\/index.php?rest_route=\/wp\/v2\/types\/page"}],"author":[{"embeddable":true,"href":"https:\/\/www.guillemhortoneda.cat\/index.php?rest_route=\/wp\/v2\/users\/1"}],"replies":[{"embeddable":true,"href":"https:\/\/www.guillemhortoneda.cat\/index.php?rest_route=%2Fwp%2Fv2%2Fcomments&post=3889"}],"version-history":[{"count":10,"href":"https:\/\/www.guillemhortoneda.cat\/index.php?rest_route=\/wp\/v2\/pages\/3889\/revisions"}],"predecessor-version":[{"id":5116,"href":"https:\/\/www.guillemhortoneda.cat\/index.php?rest_route=\/wp\/v2\/pages\/3889\/revisions\/5116"}],"wp:attachment":[{"href":"https:\/\/www.guillemhortoneda.cat\/index.php?rest_route=%2Fwp%2Fv2%2Fmedia&parent=3889"}],"curies":[{"name":"wp","href":"https:\/\/api.w.org\/{rel}","templated":true}]}}

Presentació

<div style="font-size: 125%;">
<div class="grid_1"></div>
<div class="grid_10">
<h2>Guillem Hortoneda i Pujals</h2>
<h5>Barcelona 1980-Vilanova de Meià 2012</h5>
</div>
<div class="grid_1 last"></div>
</div>
<div style="font-size: 112.5%;">
<div class="grid_1"></div>
<div class="grid_5">
<p>El Guillem va morir als 32 anys, molt aviat, massa aviat per als que vam tenir la sort de conèixer-lo i la pena de perdre’l. Però va ser feliç fent la feina que més li agradava, i la feia bé: dissenyar.</p>
<p>L’Ignasi Bonjoch, professor seu a l’Escola Elisava, on es va graduar en Disseny d’Interiors, va dir en ocasió de la seva mort: <em>“La mort d’un amic. Mal matí aquest dilluns de la Mercè. De bon matí una trucada m’ha donat la pitjor notícia: en Guillem Hortoneda, l’Horto, ha mort en accident de trànsit. Alumne meu d’Elisava, va fer un dels Projectes Fi de Carrera més brillants, i va començar a treballar al nostre despatx. Projectes, viatges, hotels, visites d’obra, inclús amb un cop de cotxe vam anar a València a visitar una exposició d’en Pawson. <strong>Era passió pel disseny</strong>.</em></p>
<p><em>Al cap d’uns anys va marxar del despatx, -vull veure món deia-. I també va anar a treballar a Troyes (França) amb uns arquitectes que van saber veure el seu talent. I un cop de tornada, va ser emprenedor i va muntar el propi estudi. Encara em trucava per demanar-me industrials i proveïdors.</em></p>
</div>
<div class="grid_5">
<p><em>Però el més destacat no era el seu perfil professional, era el perfil humà: allà on hi havia l’Horto era festa, sempre xerrava i tenia coses per explicar. De les persones que quan no hi són es nota molt. Era així a la classe, al despatx i de festa. I no us podeu imaginar com estimava els amics. Qualsevol cosa que feia cobrava importància per a ell quan la podia compartir amb els amics. </em><em>Aquell revolt de carretera se l’ha endut, però jo el veig com si fos ara. En Guillem es feia estimar.”</em></p>
<p>Volem tenir present les seves empremtes, allò que ens va regalar mentre va viure i que han deixat senyal en el present i per al futur. Per això hem preparat aquest web, amb molts dels seus dissenys, realitzats com a assalariat, o associat, o per si sol, per fer evident <strong>la seva passió</strong> i que tots la poguem compartir i disfrutar.</p>
<p><a href="http://www.guillemhortoneda.cat/wp-content/uploads/2015/08/guillem.jpg"><img decoding="async" loading="lazy" class="alignnone size-medium wp-image-5113" src="http://www.guillemhortoneda.cat/wp-content/uploads/2015/08/guillem-218x300.jpg" alt="guillem" width="218" height="300" srcset="https://www.guillemhortoneda.cat/wp-content/uploads/2015/08/guillem-218x300.jpg 218w, https://www.guillemhortoneda.cat/wp-content/uploads/2015/08/guillem.jpg 600w" sizes="(max-width: 218px) 100vw, 218px" /></a></p>
</div>
<div class="grid_1 last"></div>
</div>

<p>Guillem Hortoneda i Pujals Barcelona 1980-Vilanova de Meià 2012 El Guillem va morir als 32 anys, molt aviat, massa aviat per als que vam tenir la sort de conèixer-lo i la pena de perdre’l. Però va ser feliç fent la feina que més li agradava, i la feia bé: dissenyar. L’Ignasi Bonjoch, professor seu a l’Escola Elisava, on es va graduar en Disseny d’Interiors, va dir en ocasió de la seva mort: “La mort d’un amic. Mal matí aquest dilluns&#8230;</p>
